{"id":18236,"date":"2020-03-09T21:42:18","date_gmt":"2020-03-09T19:42:18","guid":{"rendered":"http:\/\/pmaria-malberta.org\/?page_id=18236"},"modified":"2020-03-09T21:42:18","modified_gmt":"2020-03-09T19:42:18","slug":"foc","status":"publish","type":"page","link":"https:\/\/pmaria-vv.org\/?page_id=18236","title":{"rendered":"Foc"},"content":{"rendered":"<h2><img loading=\"lazy\" decoding=\"async\" class=\"alignleft\" src=\"http:\/\/pmaria-leon.org\/wp-content\/uploads\/2018\/12\/IMG_8404-295x300.jpg\" width=\"373\" height=\"380\" \/>\u00bfQu\u00e9 es FOC?<\/h2>\n<p>Es el grupo cristiano de los j\u00f3venes de Pureza de Mar\u00eda.<\/p>\n<p>FOC en catal\u00e1n significa fuego. Queremos que se haga realidad el deseo de Jes\u00fas: \u201cHe venido a encender fuego en el mundo, \u00a1y c\u00f3mo desear\u00eda que ya estuviera ardiendo!\u201d (Lc 12, 49). Queremos encender el fuego del amor, queremos que brille la luz del Evangelio. Con el mismo dinamismo de Cristo, con el atrevimiento de la juventud, con el esp\u00edritu de Pureza de Mar\u00eda e inmerso en la Pastoral de nuestros Centros.<\/p>\n<p>&nbsp;<\/p>\n<h2>Or\u00edgenes de Foc<\/h2>\n<p>FOC nace en el Colegio de Barcelona el 16 de octubre de 1970, como respuesta a la petici\u00f3n de algo nuevo y renovador que hacen las alumnas de ese momento que ten\u00edan la ilusi\u00f3n de pertenecer a un grupo.<\/p>\n<p>FOC se plante\u00f3, desde el primer momento, como algo exigente. Se organizaron en grupos, nombrando dos jefes mayores y las respectivas jefes de patrullas. Las peque\u00f1as (10- 13 a\u00f1os) decidieron llamarse espurnes (chispas) y a partir de los 13 a\u00f1os flames (llamas); las jefes optaron por el nombre de brases (brasas). Esta terminolog\u00eda alusiva a FOC refleja fielmente la misi\u00f3n de cada miembro dentro de este movimiento.<\/p>\n<h2>\u00bfCu\u00e1les son los objetivos de Foc?<\/h2>\n<p>Vivir en plenitud la vida cristiana, seg\u00fan la espiritualidad albertiana, que es la forma de entender el Evangelio que el Esp\u00edritu Santo nos ha regalado a la Familia Pureza de Mar\u00eda a trav\u00e9s de Madre Alberta:<\/p>\n<p>Centrada en Cristo y con Mar\u00eda, nuestra Le\u00f1a.<img loading=\"lazy\" decoding=\"async\" class=\" wp-image-18482 alignright\" src=\"https:\/\/pmaria-malberta.org\/wp-content\/uploads\/2020\/04\/20200222_121340-300x225.jpg\" alt=\"\" width=\"467\" height=\"350\" \/><br \/>\nVivida en la Iglesia universal, Maestra y Madre.<br \/>\nQue promueve la fraternidad para que todos nos sintamos familia.<br \/>\nQue busca ser \u201csiempre m\u00e1s y mejor\u201d.<br \/>\nPromoviendo el crecimiento integral de la persona como pretende la Propuesta Educativa de Pureza de Mar\u00eda, y la misi\u00f3n evangelizadora de la Iglesia.<\/p>\n<p>Favorece este crecimiento integral:<\/p>\n<p>La experiencia de Dios: conocer, celebrar, vivir y amar progresivamente al Dios que se revela en Jes\u00fas.<br \/>\nAmor a Mar\u00eda: nuestra Madre y modelo de creyente.<br \/>\nEl conocimiento personal: descubrir y valorar qui\u00e9n soy y qui\u00e9n estoy llamado a ser.<br \/>\nLa relaci\u00f3n con los dem\u00e1s: amar al otro construyendo una fraternidad a imagen de Dios-Trinidad.<br \/>\nLa relaci\u00f3n con el entorno: disfrutar y cuidar la naturaleza como regalo de Dios. Apreciar la propia cultura y acoger las otras enriqueci\u00e9ndonos de sus valores.<br \/>\nPara hacer presente el Reino de Dios en nuestro mundo: \u201cId y anunciad que el reino\u201d<\/p>\n<h2>Puntos claves<\/h2>\n<p><strong>Escucha atenta de la Palabra de Dios<\/strong>, como alimento de la vida y misi\u00f3n del cristiano.<br \/>\n<strong>Vida interior reflejada en una actitud cristiana aut\u00e9ntica.<\/strong> En Foc se vive, y se intensifica d\u00eda a d\u00eda, la amistad con Jes\u00fas y con Mar\u00eda. \u00c9sta se hace posible a trav\u00e9s del silencio, la escucha, la capacidad de reflexi\u00f3n y contemplaci\u00f3n; crece con la oraci\u00f3n y los sacramentos. Esta vida interior favorece la Pureza entendida como transparencia y coherencia de vida.<br \/>\n<strong>Testimonio alegre de Cristo<\/strong> en el propio ambiente, transmitiendo los valores del Reino.<br \/>\n<strong>Sentido de pertenencia al grupo<\/strong>, sinti\u00e9ndonos responsables unos de otros, cuidando la participaci\u00f3n y los s\u00edmbolos que nos identifican. As\u00ed como pertenencia a la Iglesia Universal.<br \/>\n<strong>Responsabilidad<\/strong> en casa, en el colegio, en la universidad y en el trabajo explicitando as\u00ed nuestra consigna \u201csiempre m\u00e1s y mejor\u201d.<br \/>\n<strong>Sencillez de vida<\/strong> para dar importancia a lo esencial, aprender a compartir, ser agradecidos, ser libres frente al consumismo y fortalecer la voluntad.<br \/>\n<strong>Entrega<\/strong>, servicio desinteresado y compromiso.<br \/>\n<strong>Contacto con la naturaleza<\/strong> como lugar de encuentro con Dios.<br \/>\n<strong>Revisi\u00f3n de vida<\/strong> para favorecer el crecimiento personal y grupal.<\/p>\n<h2>Estructura de Foc<\/h2>\n<p>Foc quiere acompa\u00f1ar al ni\u00f1o y joven en su itinerario de iniciaci\u00f3n cristiana, por eso es importante que no pierda la vinculaci\u00f3n con los sacramentos. Hay miembros que van pasando de forma progresiva de un nivel a otro, otros pueden incorporarse en cualquiera de las etapas. Todos seg\u00fan su edad o iniciaci\u00f3n sacramental.<\/p>\n<p>Los ni\u00f1os y j\u00f3venes vivir\u00e1n los puntos clave con especial \u00e9nfasis en su rasgo caracter\u00edstico:<\/p>\n<p>Son CHISPITAS los ni\u00f1os y ni\u00f1as que han hecho la primera comuni\u00f3n y tienen de 9 a 10 a\u00f1os. Llevan un foulard rojo. \u201cHay m\u00e1s alegr\u00eda en dar que en recibir.\u201d (Hch 20, 35) Su rasgo caracter\u00edstico es la generosidad.<\/p>\n<p>Son CHISPAS los miembros de 10 a 12 a\u00f1os. Llevan un foulard rojo con cinta amarilla. \u201cTened siempre la alegr\u00eda del Se\u00f1or; lo repito, estad alegres\u201d (Flp 4,4) Su rasgo caracter\u00edstico es la alegr\u00eda.<img loading=\"lazy\" decoding=\"async\" class=\"alignright\" src=\"http:\/\/pmaria-leon.org\/wp-content\/uploads\/2016\/05\/IMG-20160702-WA0003-169x300.jpg\" alt=\"IMG-20160702-WA0003\" width=\"372\" height=\"660\" \/><\/p>\n<p>Son DESTELLOS los miembros de 12 a 14 a\u00f1os. Llevan un foulard rojo con cinta naranja. \u201cHabla Se\u00f1or que tu siervo escucha\u201d (1 Sm 3, 10). Su rasgo caracter\u00edstico en la escucha.<\/p>\n<p>Son LLAMAS los miembros de 14 a 18 a\u00f1os. Las llamas se preparan y reciben la Confirmaci\u00f3n. Llevan una cinta verde en su foulard rojo. \u201cNo he venido a ser servido, sino a servir\u201d (Mt 20,28) Su rasgo caracter\u00edstico es la entrega.<\/p>\n<p>Son ANTORCHAS los ex alumnos y amigos de nuestros Colegio, mayores de 18 a\u00f1os, que en la Universidad o en el mundo del trabajo, quieren seguir viviendo su compromiso cristiano con el apoyo de un grupo j\u00f3venes que tienen los mismos ideales. Llevan una cinta blanca en su foulard. Al asumir su compromiso como Antorchas reciben el Credo y son enviadas. \u201cEstad cimentados en la fe\u201d (Col 2, 6-7) Su rasgo caracter\u00edstico es la fe.<\/p>\n<p>Son BRASAS las llamas o antorchas que son convocados a la animaci\u00f3n de las patrullas. Al asumir su compromiso como Brasas reciben el nudo con la Cruz que simboliza su misi\u00f3n de unir el grupo a imitaci\u00f3n de Jes\u00fas. Las BRASAS MAYORES, acompa\u00f1adas por las religiosas encargadas del grupo, dirigen y son responsables del movimiento. Se les entrega un silbato.<\/p>\n<p>En cada Foc habr\u00e1 una o dos RELIGIOSAS ENCARGADAS por la Congregaci\u00f3n, formadas para ello, para acompa\u00f1ar a los ni\u00f1os y j\u00f3venes en su itinerario de crecimiento en la fe.<\/p>\n<p>\u00a1Todas las hermanas nos sentimos responsables de Foc!<\/p>\n<h2>S\u00edmbolos<\/h2>\n<p><strong>Fuego:<\/strong> icono de lo que es Foc: el fuego que Cristo trae para que arda, ilumine, de calor, consuma, re\u00fana\u2026\u00a0De esta imagen surgen otros nuevos s\u00edmbolos: Le\u00f1a (Mar\u00eda), antorchas, brasas, llamas, destellos, chispas, chispitas.<\/p>\n<p><strong>Foulard:<\/strong> pa\u00f1oleta, s\u00edmbolo externo que identifica a los miembros de Foc y en la que se deja ver el nivel en el que se encuentra cada uno.<\/p>\n<p><strong>La Peregrina:<\/strong> presencia de Mar\u00eda. Preside la sala de Foc y acompa\u00f1a al grupo en las marchas y convivencias.<\/p>\n<p><strong>Himno:<\/strong> La Rosa. Para un miembro Foc es su rosa que ha de cuidar. Como para el Principito, la rosa no es una flor cualquiera, es fr\u00e1gil, hay que cuidarla, estar siempre atento.<\/p>\n<p><strong>Lema:<\/strong> siempre m\u00e1s y mejor.<img loading=\"lazy\" decoding=\"async\" class=\"alignright\" src=\"http:\/\/pmaria-leon.org\/wp-content\/uploads\/2018\/12\/IMG_8714-300x300.jpg\" width=\"401\" height=\"401\" \/><\/p>\n<p><strong>Celebraci\u00f3n del compromiso:<\/strong><br \/>\nTendr\u00e1 lugar en fechas de la Virgen. En la celebraci\u00f3n estar\u00e1n presentes todos los miembros de Foc pudiendo invitar, si se cree oportuno, a familias y amigos.<\/p>\n<p><strong>F\u00f3rmula de la Promesa:<\/strong><br \/>\nMar\u00eda, joven capaz de escuchar la Palabra y ponerse al servicio de los dem\u00e1s Yo \u2026\u2026\u2026.. respondo, con alegr\u00eda, al deseo de Jes\u00fas de traer fuego a la tierra comprometi\u00e9ndome a ser miembro activo de la Iglesia al estilo de Foc. Te pido que camines conmigo. Am\u00e9n.<\/p>\n<p>Esta f\u00f3rmula recoge los rasgos caracter\u00edsticos de cada nivel y que todo miembro ha de vivir:<\/p>\n<p>\u2022 Capaz de escuchar la Palabra: la \u201cescucha\u201d de los destellos.<br \/>\n\u2022 Ponerse al servicio: la \u201cgenerosidad\u201d de las chispitas y el \u201cservicio\u201d de las llamas.<br \/>\n\u2022 Respondo, con alegr\u00eda: la \u201calegr\u00eda\u201d de las chispas.<br \/>\n\u2022 Miembro activo de la Iglesia: la \u201cfe\u201d de las antorchas. \u2022<\/p>\n<p><strong>Las chispitas tienen su propia f\u00f3rmula:<\/strong><\/p>\n<p>Jes\u00fas, amigo de los ni\u00f1os, venimos a decirte que queremos ser tus amigos. Ay\u00fadanos a demostr\u00e1rtelo siendo cari\u00f1osos en casa, buen<\/p>\n<p>os compa\u00f1eros en clase y en el juego, participando con alegr\u00eda en la patrulla y agradeciendo lo que nuestros padres, profesores, brasas y dem\u00e1s personas hacen por nosotros. Jes\u00fas te damos nuestro esfuerzo por hacerlo todo cada vez mejor.<\/p>\n<h2>Actividades<\/h2>\n<p>Reuniones semanales (antorchas quincenal o mensual)<\/p>\n<p>Formaci\u00f3n espec\u00edfica para brasas<\/p>\n<p>Celebraciones y encuentros de oraci\u00f3n.<\/p>\n<p>Eucarist\u00edas, celebraci\u00f3n de los Sacramentos de la Penitencia y Confirmaci\u00f3n, Paraliturgias.<\/p>\n<p>Oraci\u00f3n compartida.<\/p>\n<p>Marchas<\/p>\n<p>Convivencias, encuentros y acampadas<\/p>\n<p>Llares y miniLlares, encuentros de de uno o varios Focs que se celebran en fines de semana, vacaciones o en puentes largos. Constituyen un momento fuerte de formaci\u00f3n en todos los aspectos.<\/p>\n<p>\u2026\u00a1y muchas cosas m\u00e1s!<\/p>\n","protected":false},"excerpt":{"rendered":"<p>\u00bfQu\u00e9 es FOC? Es el grupo cristiano de los j\u00f3venes de Pureza de Mar\u00eda. FOC en catal\u00e1n significa fuego. Queremos que se haga realidad el deseo de Jes\u00fas: \u201cHe venido a encender fuego en el mundo, \u00a1y c\u00f3mo desear\u00eda que ya estuviera ardiendo!\u201d (Lc 12,&#8230;<\/p>\n","protected":false},"author":1,"featured_media":0,"parent":0,"menu_order":0,"comment_status":"closed","ping_status":"closed","template":"","meta":{"footnotes":""},"class_list":["post-18236","page","type-page","status-publish","hentry"],"_links":{"self":[{"href":"https:\/\/pmaria-vv.org\/index.php?rest_route=\/wp\/v2\/pages\/18236","targetHints":{"allow":["GET"]}}],"collection":[{"href":"https:\/\/pmaria-vv.org\/index.php?rest_route=\/wp\/v2\/pages"}],"about":[{"href":"https:\/\/pmaria-vv.org\/index.php?rest_route=\/wp\/v2\/types\/page"}],"author":[{"embeddable":true,"href":"https:\/\/pmaria-vv.org\/index.php?rest_route=\/wp\/v2\/users\/1"}],"replies":[{"embeddable":true,"href":"https:\/\/pmaria-vv.org\/index.php?rest_route=%2Fwp%2Fv2%2Fcomments&post=18236"}],"version-history":[{"count":0,"href":"https:\/\/pmaria-vv.org\/index.php?rest_route=\/wp\/v2\/pages\/18236\/revisions"}],"wp:attachment":[{"href":"https:\/\/pmaria-vv.org\/index.php?rest_route=%2Fwp%2Fv2%2Fmedia&parent=18236"}],"curies":[{"name":"wp","href":"https:\/\/api.w.org\/{rel}","templated":true}]}}